e 0*l - 3*a - 127 = -l, 0 = a + w. List the prime factors of l.
11
Let v(m) = m**3 + 9*m**2 - 18*m - 8. What are the prime factors of v(8)?
2, 3, 13
Suppose w - d - 119 = 0, 645 = 5*w + 8*d - 3*d. Let c = -33 + w. What are the prime factors of c?
7, 13
What are the prime factors of 388 - 3/(-1 + (-18)/(-12))?
2, 191
Let g(o) = o**3 + 22*o**2 + 19*o + 30. Let t be g(-20). Suppose -3*z + t = 177. What are the prime factors of z?
7, 13
Let g = -145 - -213. Suppose -2*k - 3*s - 134 = -0*k, k + 2*s = -g. Let b = 112 + k. What are the prime factors of b?
2, 3
Let m(c) = 9*c - 2. Let k(d) = d**3 - 10*d**2 + 2*d - 10. Let r be k(10). Let g = r + -8. List the prime factors of m(g).
2
Let c = 4250 + -1427. List the prime factors of c.
3, 941
Suppose 4*c - 2*c - 11 = -3*a, 5*a - 13 = -2*c. Suppose -m + 4*o = m + 2, 4 = -c*o. Let n(d) = -2*d**3 - 2*d**2 + d - 6. What are the prime factors of n(m)?
3
Let j = 17 + -31. Suppose -27*c = -35*c + 136. Let a = c + j. List the prime factors of a.
3
Suppose 5*a - 9 = -3*o, 3*o + 6 = -0*o. Suppose -3*n = -3*h + 258, -a*h - 4*n = -3*n - 242. What are the prime factors of h?
2, 41
Suppose -2*j - 4*c = -384, -3*c = 5*j + 426 - 1414. What are the prime factors of j?
2, 5
Let u = 4 + 7. Let k = u - 13. Let r = 37 + k. What are the prime factors of r?
5, 7
Suppose w = -4*k + 22, -5 - 6 = -3*w - k. Let d(h) = 4 + 1 - 12*h - 4 - w. What are the prime factors of d(-2)?
23
Suppose -a - 12 = -5*r + 52, -2*a = 5*r - 52. Let v = r + -12. Suppose v = -2*g - g + 99. List the prime factors of g.
3, 11
Suppose -17*q + 14*q = 135. Let h = -15 - q. What are the prime factors of h?
2, 3, 5
Let d(s) = 12*s**2 - 33*s - 177. What are the prime factors of d(-15)?
2, 3, 503
Let f = -57 + 62. Suppose -2*g + 274 - 1 = -3*i, -f*i = g - 104. List the prime factors of g.
3, 43
Let g(y) = y + 6. Let k be g(0). Let v(p) = p**2 - 4*p - 4. Let a be v(k). Let o = 42 - a. What are the prime factors of o?
2, 17
Let m be (-1*(-2 + 3))/(2/(-6)). Suppose -m*b + 515 + 426 = 4*i, 706 = 3*i + 2*b. What are the prime factors of i?
2, 59
Suppose 1 + 15 = -4*x, 38 = -5*b + 3*x. Let k = b + 4. Let i(l) = -l**3 - 7*l**2 - 9*l - 3. What are the prime factors of i(k)?
3, 5
Suppose 8*p - 5907 - 4853 = 0. List the prime factors of p.
5, 269
Let i(j) = 4*j - 12. Let r be i(4). Suppose -3*b - 72 = -r*f, 0 = -5*f + 2*f - 4*b + 79. What are the prime factors of f?
3, 7
Let c(z) = -3 + 24 + 0*z**3 - z**3. Let i be c(0). What are the prime factors of 2 + 5/(15/i)?
3
Let s(t) = t**2 + 2*t + 1. Let a be s(-1). Suppose -y + a*f = 2*f - 59, 226 = 4*y - 2*f. What are the prime factors of y?
3, 19
Suppose -3*l - f = -6, 2*f + 2 = -l - 1. Suppose -1 = -d, 3*c - 2 = -l*d + 34. List the prime factors of c.
11
Suppose -42 + 562 = -2*f. List the prime factors of f/(-15)*(-3)/(-2).
2, 13
Suppose 4*x - 14 - 14 = -4*i, 0 = x + 1. Let q(o) = -o**2 + 8*o + 1. Let k be q(i). Let z = k - -5. What are the prime factors of z?
2, 3
Suppose -y + 3*y - 16 = 2*j, 4*j = -20. List the prime factors of y/(-18) - (-1684)/24.
2, 5, 7
List the prime factors of 954822/275 + 4/(-50).
2, 7, 31
Let v(r) = r**3 - 5*r**2 - r + 5. List the prime factors of v(6).
5, 7
What are the prime factors of 2/(-4)*-673*(-2)/(-1)?
673
Let o be (1/2)/(20/9520). Suppose 357 = 3*k - 5*b, -2*k + 0*b = -3*b - o. What are the prime factors of k?
7, 17
Let n(z) = 3*z**3 - 8*z**2 + 16*z - 44. List the prime factors of n(5).
211
Suppose 5*z + 63 = -4*z. Let s(w) = w**3 + 9*w**2 - w + 16. List the prime factors of s(z).
11
Suppose 4*g + 186 = 3*v - 3424, 2*g = 4. List the prime factors of v.
2, 3, 67
Let u = 1 + -16. Let y = u + 18. Suppose -y*x = -4*l - 189, 0*x + 2*l = 5*x - 301. What are the prime factors of x?
59
Let m(y) = -14*y + 50. Let j(g) = 5*g - 17. Let p(q) = 17*j(q) + 6*m(q). Let f be p(-8). List the prime factors of f/(6/68) + -1.
3, 11
Let l be 1 + 1 + 3*-43. Let j = l + 190. List the prime factors of j.
3, 7
Suppose 0 = 10*a - 2*a - 6296. What are the prime factors of a?
787
Let u(j) = j + 3. Let a be u(-9). Let m(b) = -b**3 - 3*b**2 - 2*b - 10. What are the prime factors of m(a)?
2, 5, 11
Let a(m) be the second derivative of 2*m**5/3 - m**4/24 + m**3/6 + 7*m**2/2 - 2*m. Let p(g) be the first derivative of a(g). What are the prime factors of p(1)?
2, 5
Suppose -9973 = -2*j - i, -9*j + 14967 = -6*j + 4*i. What are the prime factors of j?
5, 997
Let u(b) = 5*b**3 - 41*b**2 - 44*b + 22. Let f(y) = -3*y**3 + 27*y**2 + 29*y - 15. Let v(x) = 8*f(x) + 5*u(x). List the prime factors of v(-9).
2, 11
Let q(d) = 13*d - 24. Let f be q(6). List the prime factors of (f - 3) + (4 - (7 + 0)).
2, 3
Let a = 78 - 45. Let j be (-5)/(-25) + (-822)/(-15). Let v = j - a. What are the prime factors of v?
2, 11
Let h = 1910 - 1248. What are the prime factors of h?
2, 331
Let d be 1/2 + 8630/20. Suppose -10*p + 2*p = -d. What are the prime factors of p?
2, 3
Suppose -7 = 3*t + 14. Let j be (t/14)/((-2)/8). Suppose 65 = -j*h + 211. What are the prime factors of h?
73
Suppose -2*m + 6*m = -2*z + 7568, -4*z = -2*m - 15146. What are the prime factors of z?
2, 3, 631
Suppose 2*a + 714 = 2*j, -2*j + 431 = -4*a - 277. What are the prime factors of j?
2, 3, 5
Let y = -124 - -45. Let o = y + 202. List the prime factors of o.
3, 41
Let p(x) = 7*x**2 + x + 5. Let h be p(-3). Suppose 96 + h = v - 2*q, -617 = -4*v - q. Suppose 40 = 5*o - v. What are the prime factors of o?
3, 13
Let d(a) = -20*a - 5. Let h = -6 - -1. List the prime factors of d(h).
5, 19
Suppose -5*h + 300 + 345 = 0. Suppose 5*r + 29 = h. Suppose -3*n + r = 2*n. List the prime factors of n.
2
List the prime factors of 7 + (2 - (-824 - -1)).
2, 13
Suppose 1057 = 15*b - 7823. List the prime factors of b.
2, 37
Let y = 10 - -1. Let j = 14 - y. Suppose 2*s - 20 = -j*s. List the prime factors of s.
2
Suppose 4*h - w - 1755 = 0, -5*h + 375 = -w - 1820. What are the prime factors of h?
2, 5, 11
Suppose 0 = 58*k - 52*k - 4554. List the prime factors of k.
3, 11, 23
Suppose 0 = 13*q - 21*q + 3408. List the prime factors of q.
2, 3, 71
Let y = 2140 - 1257. List the prime factors of y.
883
Let b(l) = l**3 + 14*l**2 + 16*l + 6. Let q be b(-12). Let j = q + -67. What are the prime factors of j - -3*4/(-3)?
31
Suppose -2*c = -3*q - 778, -q = -5*c + 8*c - 1167. List the prime factors of c.
389
Let i(k) = k**3 - 15*k**2 + 16*k - 18. Let x be i(14). Let v(b) = -6*b - 7*b + 5*b + 0 - 1 + b**2. What are the prime factors of v(x)?
19
Suppose 0 = -3*r + 2*d + 1148, 3*r = -r + 5*d + 1533. List the prime factors of r.
2, 191
Suppose -4*b = 2*v + 72 + 738, -3*b - 5*v = 590. Let f = b - -360. What are the prime factors of f?
5, 31
Suppose -37*x + 33*x + 1244 = 0. What are the prime factors of x?
311
What are the prime factors of 91212/126 - 9/(1134/(-12))?
2, 181
Let z = 98 + -93. Suppose t + z*t = 1266. List the prime factors of t.
211
Let a = 16 - 6. Let c = -17 + a. List the prime factors of (-2 + c)*-1 + 4.
13
Let t = -1585 + 2322. List the prime factors of t.
11, 67
Let y = 497 - 370. List the prime factors of y.
127
What are the prime factors of (-9)/((-36)/(-17))*-76?
17, 19
Suppose -500 = -3*g + 5*z, -4*z + 3*z = 3*g - 512. Let w = -53 + g. What are the prime factors of w?
3, 13
What are the prime factors of (-10 - 938/(-35))/(2/380)?
2, 3, 7, 19
Suppose -5*m - 15 - 5 = 0. What are the prime factors of ((-3)/m)/(4/80)?
3, 5
Let z = -19 + 35. Suppose -3*n - n = -z. Suppose -3*r - n = -46. What are the prime factors of r?
2, 7
Let c(i) = i**3 - 14*i**2 + 15*i - 24. Let y be c(13). List the prime factors of y/(-2 + 0) - (-140 + -1).
2, 5, 7
Let s(h) = -22*h + 50. Let t be s(-5). Let i = t - 64. What are the prime factors of i?
2, 3
Let o(a) = 17*a**2 - 4*a + 18. What are the prime factors of o(9)?
3, 151
Let v = 117 + 183. Suppose -2*d - 3*d = -v. What are the prime factors of d?
2, 3, 5
Suppose 0 = -2*f + 2*c + 668, 0 = -3*f - c + 1118 - 128. List the prime factors of f.
331
Suppose 4*c - 2*f + 146 = -c, 65 = -2*c + 3*f. What are the prime factors of ((-1)/(-2))/(7/c) + 87?
5, 17
Let n = 1 - 1. Suppose 5*c - a - 510 = 2*a, -3*a = n. What are the prime factors of (-2)/(-1 - c/(-106))?
53
Let t(s) = s**2 + 4*s + 7. Let g be t(-5). Let d be ((-10)/(-20))/((-2)/g). Let i = 11 - d. What are the prime fac